mon divisor of 2277 and 279?
9
Calculate the greatest common factor of 44 and 147565.
11
What is the highest common factor of 8456 and 9912?
56
What is the highest common divisor of 10038 and 63?
21
What is the highest common divisor of 160098 and 4?
2
What is the highest common factor of 6509 and 25187?
283
Calculate the greatest common factor of 57010 and 130.
10
Calculate the highest common factor of 992 and 39122.
62
What is the greatest common divisor of 128877 and 17?
17
What is the greatest common divisor of 32814 and 546?
6
What is the greatest common factor of 456878 and 6?
2
Calculate the highest common divisor of 259193 and 154.
11
What is the highest common factor of 84 and 1261092?
84
What is the greatest common divisor of 62103 and 85344?
381
Calculate the greatest common divisor of 326 and 3749.
163
Calculate the greatest common factor of 159 and 105523.
53
Calculate the greatest common factor of 656 and 25789.
41
What is the greatest common factor of 433005 and 15?
15
What is the highest common divisor of 85149 and 18?
9
Calculate the highest common divisor of 306 and 46920.
102
What is the highest common factor of 378 and 8876826?
126
Calculate the highest common divisor of 4191 and 638429.
1397
Calculate the highest common factor of 476 and 917.
7
What is the highest common divisor of 222049 and 466?
233
What is the highest common divisor of 520 and 12415?
65
What is the highest common divisor of 2156 and 138292?
308
What is the highest common divisor of 5 and 62105?
5
What is the highest common divisor of 1834 and 46112?
262
Calculate the highest common divisor of 30 and 195735.
15
Calculate the greatest common factor of 114 and 246.
6
What is the greatest common divisor of 6462 and 18?
18
What is the greatest common divisor of 468 and 91188?
36
Calculate the highest common divisor of 118 and 2183.
59
What is the greatest common factor of 205608 and 936?
312
Calculate the greatest common divisor of 25 and 2220300.
25
What is the greatest common factor of 185764 and 68?
4
Calculate the highest common factor of 1550 and 239475.
775
Calculate the greatest common divisor of 302 and 16616.
2
What is the greatest common divisor of 456 and 553128?
456
What is the highest common factor of 565 and 9760?
5
Calculate the highest common factor of 5719511 and 14.
7
What is the greatest common factor of 357 and 56712?
51
Calculate the greatest common divisor of 1651 and 4017.
13
What is the greatest common factor of 1047 and 12506415?
1047
Calculate the greatest common divisor of 24 and 52404.
12
Calculate the highest common factor of 244 and 6466.
122
What is the highest common factor of 175 and 119525?
175
Calculate the greatest common divisor of 1066 and 27755.
13
Calculate the greatest common factor of 356926 and 358.
358
Calculate the highest common factor of 42775 and 12325.
725
Calculate the highest common factor of 70 and 3286108.
14
Calculate the highest common divisor of 87248 and 4816.
112
Calculate the greatest common divisor of 420 and 4518360.
420
What is the greatest common divisor of 50232 and 6072?
552
Calculate the highest common divisor of 309681 and 171.
171
What is the greatest common factor of 72475 and 3575?
325
What is the greatest common factor of 200 and 197900?
100
Calculate the highest common factor of 1534 and 2600.
26
What is the highest common divisor of 90 and 590?
10
Calculate the greatest common divisor of 91352 and 665.
19
Calculate the highest common factor of 20285 and 45.
5
Calculate the greatest common divisor of 49 and 3330971.
49
Calculate the highest common factor of 11186 and 3094.
238
Calculate the greatest common factor of 1187562 and 6.
6
Calculate the greatest common factor of 544 and 2034832.
272
Calculate the highest common divisor of 116 and 567298.
58
What is the highest common divisor of 1221 and 240241?
37
What is the greatest common divisor of 327 and 1308?
327
What is the highest common factor of 138925 and 25?
25
Calculate the greatest common factor of 7020 and 6780.
60
Calculate the highest common factor of 15 and 3132.
3
Calculate the highest common factor of 1878525 and 297.
297
What is the highest common divisor of 2167836 and 2?
2
What is the highest common divisor of 5968 and 215221?
373
Calculate the highest common divisor of 459 and 102663.
153
What is the highest common divisor of 1185 and 810?
15
What is the greatest common factor of 200907 and 378?
189
Calculate the greatest common factor of 77 and 9394.
77
Calculate the highest common factor of 52 and 2275.
13
Calculate the greatest common factor of 259 and 1190.
7
What is the highest common divisor of 46 and 91678?
46
Calculate the greatest common divisor of 800 and 270016.
32
What is the highest common factor of 208827 and 1089?
9
What is the greatest common factor of 308 and 115654?
154
What is the greatest common factor of 68 and 932?
4
Calculate the greatest common factor of 59878 and 13.
13
What is the greatest common divisor of 828 and 2493?
9
Calculate the highest common factor of 119 and 25559891.
119
What is the greatest common divisor of 2532 and 117105?
633
Calculate the highest common factor of 78679 and 1111.
101
Calculate the greatest common divisor of 857 and 5.
1
What is the greatest common divisor of 74 and 217486?
74
What is the highest common factor of 1 and 49941?
1
Calculate the highest common factor of 805089 and 129.
129
What is the greatest common factor of 31852 and 16?
4
What is the highest common factor of 12009 and 39?
3
What is the highest common divisor of 60 and 57435?
15
What is the greatest common factor of 232 and 3281872?
232
Calculate the highest common divisor of 9955 and 6154.
181
What is the highest common divisor of 480 and 570900?
60
Calculate the highest common factor of 53671 and 4496.
281
What is the greatest common factor of 4590 and 945?
135
Calculate the greatest common factor of 3298 and 6208.
194
Calculate the greatest common divisor of 63 and 8743.
7
Calculate the greatest common factor of 4370 and 103702.
38
What is the highest common factor of 4522 and 938?
14
Calculate the highest common divisor of 528 and 55374.
66
What is the highest common factor of 164 and 43419?
41
Calculate the highest common factor of 133558 and 86.
86
What is the greatest common divisor of 148 and 99493?
37
Calculate the highest common divisor of 1582 and 290297.
791
Calculate the greatest common factor of 26603 and 3848.
37
Calculate the greatest common divisor of 500 and 13380.
20
Calculate the highest common factor of 15846 and 5814.
114
Calculate the highest common factor of 624156 and 156.
156
What is the greatest common factor of 26 and 44993?
13
Calculate the highest common divisor of 17226 and 7722.
594
What is the highest common divisor of 8525 and 3751?
341
Calculate the greatest common divisor of 37147 and 2149.
307
What is the highest common divisor of 179910 and 855?
45
Calculate the highest common factor of 10737 and 16677.
9
What is the greatest common factor of 81978 and 234?
78
What is the greatest common divisor of 2409 and 28032?
219
Calculate the highest common factor of 30778 and 110.
22
Calculate the highest common factor of 1830 and 1029375.
915
Calculate the highest common factor of 1 and 25031.
1
What is the greatest common divisor of 291616 and 80?
16
What is the greatest common factor of 6387 and 617410?
2129
What is the greatest common divisor of 342090 and 32130?
1890
What is the greatest common factor of 7305 and 15?
15
What is the greatest common factor of 5180 and 22764?
28
Calculate the highest common factor of 15698 and 1034.
94
What is the greatest common divisor of 58 and 167330?
58
Calculate the greatest common factor of 64056 and 4488.
408
Calculate the greatest common divisor of 192 and 533496.
24
Calculate the highest common factor of 2 and 168022.
2
Calculate the highest common factor of 125 and 34826125.
125
Calculate the greatest common factor of 84 and 206.
2
Calculate the highest common factor of 305 and 160.
5
Calculate the greatest common divisor of 255 and 12.
3
What is the highest common divisor of 104 and 16393?
13
Calculate the highest common divisor of 1 and 40897.
1
What is the highest common divisor of 10829 and 196?
49
Calculate the hi